*z + 27. What is the tens digit of u(-4)?
8
Suppose -109 = -h + 49. Suppose -3*s = -j - 97 - h, -2*j = 0. What is the units digit of s?
5
Suppose 5 = -0*m - 2*m + 5*r, r = 2*m + 1. Let x be 1 - m - (0 - 2). Suppose x*p + 1 = 91. What is the units digit of p?
0
Suppose 0 = -5*m + 2*q + 2*q + 11, -2*m - 4*q = -10. Suppose -3*i + 2*p - 5 = 0, m*i - 3*p = -2*p - 1. What is the units digit of (4/(-4) - i) + 68?
6
Suppose 6*d - d = -85. Suppose -5*f + 5*p - 65 = 0, 5*p + 0*p - 25 = 0. What is the units digit of (d + -1)/(12/f)?
2
Let h be ((-1)/(-3))/((-8)/(-48)). Suppose -h*s + j + 69 = 0, 4*s - 89 - 53 = -2*j. Let m = 15 + s. What is the tens digit of m?
5
Let l = -62 - -66. Suppose 274 = 2*x - 4*t, -6*t = l*x - 2*t - 524. What is the hundreds digit of x?
1
Let c be ((-3)/(-12))/((-3)/(-12)). Let u(b) = 20*b. Let x be u(c). Let a = x - 11. What is the units digit of a?
9
Let v(c) = -129*c**3 - 27*c**2 - 94*c + 1. What is the thousands digit of v(-3)?
3
Let i(r) be the third derivative of -r**4/6 - 23*r**3/6 - 13*r**2. What is the units digit of i(-10)?
7
Let k = -9 - -11. Suppose k*n - 2 = -0*n. What is the units digit of n?
1
Let x(r) = 2*r - r + 0*r + 0*r + 10. What is the units digit of x(-7)?
3
What is the units digit of 108/(-20)*3/(12/(-580))?
3
Let i(h) = 6*h - 3. Let y be i(-2). What is the units digit of (-2 + 48)*y/(-10)?
9
Suppose -2*l - 3*b + 2 - 7 = 0, l = b + 5. Suppose 4*c - 930 = -l*z, 2*z = 2*c - 3*c + 234. What is the tens digit of c?
3
Let y(o) be the third derivative of -o**4/12 + 2*o**3/3 + 2*o**2. Let j(x) = x**2 + 5*x - 10. Let b be j(0). What is the tens digit of y(b)?
2
Let r(b) = 58*b - 124. What is the units digit of r(10)?
6
Let o be 18 - 4/12*0. Suppose -3*v + 1 - 18 = -4*l, 3*v - o = -3*l. Suppose 0 = 2*i + i + l*h - 89, 0 = -4*i - 4*h + 116. What is the tens digit of i?
2
Suppose d = 18*d. Suppose 6*s + 10 - 664 = d. What is the hundreds digit of s?
1
Let v = 1140 + -605. What is the hundreds digit of v?
5
Suppose 5*q + 3285 = 4*a, -381 - 1254 = -2*a - 5*q. What is the units digit of a?
0
What is the hundreds digit of (-21 - -9) + 9 + 2287?
2
Let n(j) = -j + 7. Suppose -7 = -3*q - 5*w, 4*q - 5 = -5*w + 11. Suppose 2*p - 3*p - q = 0. What is the tens digit of n(p)?
1
Let z = -24 - -29. Suppose 5*h - 155 - z = 0. What is the tens digit of h?
3
Suppose -2 = 3*b - 47. Let s(y) = y**3 - 16*y**2 + 18*y + 16. What is the units digit of s(b)?
1
Suppose 4*p - 2*j - 30 = 0, -j = -0*p - 3*p + 22. Suppose 297 = p*q - 669. What is the units digit of q?
8
Suppose 62*r = 77*r - 2265. What is the tens digit of r?
5
Let w be 2/(-3) + 80/12. Suppose 56 = -5*t + w*t. What is the units digit of t?
6
What is the units digit of 589 - (0/2 + 3 + -7)?
3
Suppose 94 - 18 = 2*t. Suppose -3*g + 7*g - t = -3*k, 2*g = -4*k + 34. Suppose 4*r - 127 = -p, -k*p + 3*p - 67 = -2*r. What is the units digit of r?
2
Let w be ((-5)/15)/((-1)/15). Suppose -5*r = -5*o - 105, w*o + 20 = 2*r - 94. Let i = 30 + o. What is the units digit of i?
6
Suppose -7*w + 5411 = -8512. What is the tens digit of w?
8
Let i be (-18)/(-3)*(-4)/6. Let w(c) = -c**3 - 2*c**2 - c - 1. What is the tens digit of w(i)?
3
Let n(o) = 57*o**2 - 3*o + 9. What is the thousands digit of n(-5)?
1
Let l = 794 - 25. What is the tens digit of l?
6
Let m(l) = -l - 2. Let i = -5 + 8. Suppose -6*t + i*t = 12. What is the units digit of m(t)?
2
Suppose -41*q = -26*q - 5505. What is the tens digit of q?
6
What is the hundreds digit of (-65 + 51)*(-110 + (2 - 0))?
5
Let a(g) be the second derivative of 35*g**4/4 - g**3/6 + g**2/2 + 6*g. What is the units digit of a(1)?
5
Suppose -5*t - 285 = 195. Let v = -54 - t. What is the units digit of v?
2
Let v(h) = -h**3 + 14*h**2 - 13*h + 12. Let w be v(13). What is the tens digit of w*((-7)/(-2) + -2)?
1
Suppose -682 = -3*n - 8*f + 4*f, 0 = 2*n + 3*f - 456. Let c = -94 + n. What is the tens digit of c?
2
Let a(d) = 158*d - 918. What is the hundreds digit of a(9)?
5
Let i(n) = -446*n + 18. What is the thousands digit of i(-3)?
1
Suppose 2242 = -5*d + 3*v, -3*d + 4*v = d + 1800. What is the tens digit of d/(-14) + (0 - (-6)/42)?
3
Suppose 0 = 4*h - 2*t - 14574, 37*h - 4*t - 18210 = 32*h. What is the tens digit of h?
4
Let p(d) = -2*d**3 - d**2 - d + 1042. What is the thousands digit of p(0)?
1
Let i = -25 - -26. What is the units digit of (16/(-20)*27)/(i/(-5))?
8
Let z = -338 + 499. What is the hundreds digit of z?
1
Suppose 0 = g + 3*g - 20, -s - 16 = -3*g. Let d be (7 + -8)/(s/(-3)). What is the units digit of d - 4*(4 + -6)?
5
Let p be (-7)/(-28) - (-7)/4. Suppose -p*c - 2*c + a + 1 = 0, 0 = 5*c + 3*a + 20. What is the tens digit of -17*c*3/3?
1
Let y be ((-19)/2)/(3/2 - 2). Suppose 7*f - y = 6*f. What is the tens digit of f?
1
Let j(p) = 19*p**3 + p**2 - p + 1. Let c be j(1). What is the hundreds digit of (c + -1)*(14 - 7)?
1
Let k(f) be the first derivative of -f**3/3 - 3*f**2 - 3*f + 6. Let x be k(-5). What is the units digit of 64/4*1/x?
8
Let t be 2 - (-2*5)/(-2). What is the units digit of (t*31)/(18/(-12))?
2
Let o(z) = 23*z**2 - 11*z + 123. What is the units digit of o(9)?
7
Let n(p) = 3*p + 21. Let g be n(15). Let v = g + -59. What is the units digit of v?
7
Suppose 3*z + 11 = -m, -3 = -0*m + 3*m + 3*z. Let n(p) = p**2 + p - 7. What is the tens digit of n(m)?
1
Suppose 3*y - 18 = -3. Suppose -5 = 3*j + 2*w - 40, -29 = -j - y*w. What is the units digit of j?
9
Suppose -46 = -2*b + 5*w, 4*w = -b + 6*w + 21. Let c = -10 + b. Suppose 4*z - 55 = c*z. What is the units digit of z?
5
Let s be 0*(4 + (-7 - -2)). Suppose -16*n + 19*n - 435 = s. What is the tens digit of n?
4
Let p = -1 + 1. Let f(u) be the first derivative of u**3/3 - u**2/2 + 10*u - 39. What is the tens digit of f(p)?
1
Suppose -15133 = c - 15434. What is the hundreds digit of c?
3
Suppose 0 = 2*t - 4*j - 12 - 10, 5*t = -2*j + 7. Suppose -t*h = 4*h - 147. What is the units digit of h?
1
Suppose -11*d = -9621 - 994. What is the tens digit of d?
6
Suppose 11 = 2*l - 5. Suppose -3 = n + 1, 2*n = 5*p + 12. What is the tens digit of ((-70)/l)/1*p?
3
Let i = 19 - 61. Let l = -13 - i. What is the tens digit of l?
2
Let w(z) = z**3 - 15*z**2 - 36. What is the tens digit of w(16)?
2
Let v(a) = 2*a - 16. Let t be v(9). Suppose -3*h + 359 = r, -58 = -h - t*r + 60. What is the units digit of h?
0
What is the thousands digit of 2 - 11/(77/(-7707))?
1
What is the hundreds digit of (-60120)/(-12) - (-6 + 7 - -4)?
0
Let w(j) = 3*j - 6. Let z be w(-5). Let i = z - -24. Suppose -2*t + 5*y + 108 = 0, 116 = i*t - 0*y + 4*y. What is the units digit of t?
4
Suppose -a = -4*z - 5*a + 476, 5*z + 3*a = 603. Suppose 5*k + 188 = 4*t, 9 + 7 = 4*k. Let q = z - t. What is the tens digit of q?
7
Suppose -b = 5*f + 2*b + 585, 2*b - 130 = f. Let r be 0 + 1 - (-2)/2. What is the tens digit of (r/5)/((-2)/f)?
2
What is the tens digit of (4/3)/((-10)/(-2595))?
4
Let w = -48 - -623. Let q = w + -395. What is the units digit of q?
0
What is the hundreds digit of 7 - (-2)/((-16)/(-4808))?
6
Let i(j) = j - 15. Let v be i(-23). Let g = v - -101. What is the tens digit of g?
6
Let t(d) be the second derivative of -d**4/3 - 2*d**3/3 + 3*d**2/2 + 4*d. Let i(l) be the first derivative of t(l). What is the units digit of i(-3)?
0
Let v = -129 + 141. What is the units digit of v?
2
Let v(u) = 59*u**2 - 27*u + 26. What is the thousands digit of v(10)?
5
Suppose 4*p - 3*y - 160 = 0, -y = -5*y. Suppose -p + 25 = -5*k. Suppose -a + k*f + 58 = 0, a - 4*f + 0*f = 58. What is the units digit of a?
8
Suppose 2*b - 4*g + 780 = 0, b - 3*g = -7*g - 408. Let p = -255 - b. What is the units digit of p?
1
Let x be (-10)/(-4)*2/1. Suppose 3*h - 5*o - 521 = 0, -x*h + 0*o = 3*o - 891. What is the units digit of h?
7
Suppose 14*p + 8 = 16*p, -3*t = -p - 698. What is the hundreds digit of t?
2
Suppose 3*m = 2*j + 18, 0 = 2*m + 3*m - 20. Let k be (1 + (-12)/j)*2. Suppose -13 = -w + k. What is the units digit of w?
3
Let k = -20 - -26. Let s be 1 - (k + -4)*-8. Suppose 0 = -0*z + z - s. What is the units digit of z?
7
Let i(p) = -p - 12. Let x be i(-15). Let o be 1 + (5 - (x + -3)). Suppose 0*m = m - o. What is the units digit of m?
6
What is the units digit of (-9)/(9/5) - -526?
1
Suppose -13*x + 3554 + 4701 = 0. What is the tens digit of x?
3
Let